ne s(2).
-26
Let y be 34/34*(-2)/(-60). Let u(g) be the third derivative of -2/3*g**3 - 1/8*g**4 + 1/120*g**6 + y*g**5 + 6*g**2 + 0 + 0*g. What is u(-3)?
-4
Let u be (-12)/14 + (-330)/(-42). Let f(a) = 3*a + 1 - 10 - 4*a. Determine f(u).
-16
Let g(o) = 10*o + 2. Let t be g(0). Let c(n) be the second derivative of -2*n**t + 0 - 1/12*n**4 - 1/2*n**3 - 3*n. Determine c(-5).
-14
Suppose -2*z = -4*o - 4, 0 = -z + o + 1. Suppose 4*p + 64 - 52 = z. Let j(q) = q**3 + 5*q**2 + 2*q - 4. Determine j(p).
8
Let j be -4 + 8 - -1 - 2. Suppose 3*y + 2*x + 14 = 0, -x = -y - 11 + j. Let s(n) = -n**2 - 3*n + 8. Give s(y).
-10
Let v be -1 + 1 - 0 - -4. Suppose 0*u = 3*u - 66. Let b(d) = 2*d - 6*d + 5*d - 17 + u. Give b(v).
9
Let g be (121/(-55))/(-11)*25. Let c(o) = -3 - 3*o**3 + 4*o**3 + o**2 - 6*o**2. Give c(g).
-3
Let x be 2/(((-2)/4)/(-1)) + 0. Suppose x*m + 30 = 62. Let u(j) = -j**3 + 9*j**2 - 8*j + 4. Determine u(m).
4
Let t be (-10)/5*226/4. Let o = -110 - t. Let a(u) = u**2 - 2*u. Determine a(o).
3
Let n(i) be the first derivative of i**4/4 + 10*i**3/3 - 9*i - 186. Give n(-10).
-9
Let z be (-2)/1 - (-33 + 36). Let a(r) = r + 11. Give a(z).
6
Suppose -4*y = -8 - 16. Suppose 5*n - 29 = -4*t, 0 = -4*n - 2*t + 16 + y. Let g(h) = -15*h - 5 + h**2 + 22*h - 12*h. What is g(n)?
-5
Let w be 0 + 9/6*2. Let l(i) be the first derivative of i**5/60 + i**3/6 - 2*i**2 - 2. Let s(t) be the second derivative of l(t). Determine s(w).
10
Let s(c) = -c + 14. Let b(v) = 7*v**2 + v + 1. Let m = -17 - -16. Let x be b(m). Determine s(x).
7
Let c(z) = -3*z + 22. Let r(h) = h - 7. Let w(j) = 3*c(j) + 8*r(j). Determine w(6).
4
Let m(i) = -4*i**2 - 15 - 3*i**2 + 7*i + 14 - 10*i. Give m(-1).
-5
Let f(i) be the third derivative of -i**5/60 + i**4/6 + 4*i**3/3 + 223*i**2. What is f(7)?
-13
Let s(q) be the first derivative of q**4/4 - 2*q**3/3 - 9*q**2/2 + 6*q + 197. Calculate s(4).
2
Let k = 11 - 8. Let c(z) = 0*z + k*z - 5*z - 2 - 2*z. Give c(-6).
22
Let g(s) = 4*s**2 - 3*s + 1. Let q be (51/119)/(2/(-14)). Give g(q).
46
Let v(f) = 11 + 13*f - 7 - 10*f. What is v(-6)?
-14
Let n(w) = w**3 - 4*w**2 - 20*w - 4. Let t be n(7). Let i(d) = -d + 5. What is i(t)?
2
Let w(x) = -x - 4. Let y(m) be the third derivative of m**6/120 - m**5/6 - m**4/12 + 13*m**3/6 - 19*m**2. Let s be y(10). Calculate w(s).
3
Let b(x) = x**3 + 10*x**2 + 8*x - 12. Let p(s) = -s**3 - 2*s**2 + s + 5. Let u be p(2). What is b(u)?
-3
Let u(d) = -d**2 - d + 1. Suppose -3*m - w = -0*w + 26, 33 = -4*m - w. Let g be (-6 - m)*(-1 - -1). Calculate u(g).
1
Suppose 3*o = 5*f - 5, 5*o + f + f = 33. Suppose 3*k + o = -4. Let s(c) = 5*c - 1. Determine s(k).
-16
Let s(o) be the first derivative of o**3/3 - 9*o**2/2 + 7*o - 105. What is s(6)?
-11
Let p(c) = -c**2 + 4*c + 2. Suppose 7*i = -83 - 78. Let r be i/4 - -5 - 38/(-8). What is p(r)?
2
Let o = -10 - -5. Let i = -54 + 55. Let y(b) = i - 2*b - 11 + 3. Determine y(o).
3
Let g(w) be the third derivative of -w**5/60 + w**4/12 + w**3/3 - 157*w**2. Determine g(3).
-1
Let q(k) be the second derivative of k**3/2 + k**2/2 - 2*k. Let d = -31 - -36. Suppose d*y + 12 = -z - 4, -4*z - 1 = -y. What is q(z)?
-2
Let l(t) = -8*t**2 + 7*t - 4. Let m(q) = -q**2 + q - 1. Let a(z) = -l(z) + 6*m(z). Suppose 10*u - 16 + 56 = 0. What is a(u)?
34
Let z(r) = -4*r + 12. Suppose 5*m - 3 = 5*c + 12, 3*m + 2*c - 14 = 0. Determine z(m).
-4
Let a(u) = -11*u + 8. Let g(j) = 3*j - 2. Let d(f) = -a(f) - 3*g(f). Determine d(-2).
-6
Let o(w) be the first derivative of -w**3/3 + 2*w**2 - 5*w + 557. Let d = 3 + 1. Give o(d).
-5
Let v = 42 + -35. Let g(k) = -3 + v - 3 + 15*k**3 + k + k**2. Calculate g(-1).
-14
Suppose -r = 5*m - 15, 3*r - 4*m = -5*m + 31. Let i(h) = -h**2 + 11*h - 9. Determine i(r).
1
Let f(b) = b - 1. Let c(h) = -h**2 + 6*h - 7. Let u(z) = 6*c(z) - 38*f(z). Determine u(-2).
-24
Let o(v) = -2*v**2 - 4*v + 22. Let f be o(3). Let y(k) = -k - 16. Give y(f).
-8
Let z(g) = 3*g + 31. Let k be z(-10). Suppose k = 3*h + 13. Let n(p) be the second derivative of -p**5/20 - p**4/3 - p**3/2 - 3*p**2 - 2*p. Give n(h).
6
Let j(a) = -7*a**3 - 9*a**2 + 3*a - 9. Let i(u) = -2*u**3 - u**2 + u - 2. Let h(c) = 4*i(c) - j(c). Calculate h(5).
6
Let n be 10*(3 + 39/(-15)). Let b(d) = 2*d**2 - 3*d**3 - d**2 + 1 - 2*d - d**3 - n*d**3. Let t = 0 - -1. Give b(t).
-8
Let a = -8 - -4. Let r(v) = -2*v**2 + 19*v - 7. Let w be r(9). Let j(o) = -3 + 3*o - 6*o - o**w + 2*o - 4*o. What is j(a)?
1
Let i(d) = d**3 - 9*d**2 - 5*d + 5. Suppose -2*o - 4*m = o - 14, m = -2*o + 16. Determine i(o).
55
Let l(c) = -c**3 - 3*c**2 + 3*c - 5. Suppose 4*i - i + 4*p - 10 = 0, 3*p = 5*i - 36. Suppose -i - 18 = 3*b. Let r = b + 4. Calculate l(r).
-1
Let a(g) = 1. Let q(v) = -4*v + 8. Let m(s) = a(s) - q(s). Suppose -2*b + 16 = 3*i + 3, 24 = 4*i - 4*b. Determine m(i).
13
Suppose 2 = a + q + 1, a - q - 7 = 0. Suppose -y = -a*y. Suppose 4*z - 8 = y, -m = -2*m + 4*z - 11. Let v(u) = -2*u - 4. Calculate v(m).
2
Let j(c) = -10*c - 3. Let o(u) = -28*u - 10. Let m(p) = -7*j(p) + 2*o(p). Let w(i) = -i + 5. Let z be w(4). Give m(z).
15
Let z(u) be the second derivative of -u**4/12 + 5*u**2/2 - u. Let h(p) be the first derivative of p**4/4 - 2*p**3 + 16. Let b be h(6). What is z(b)?
5
Let p(s) = s - 7. Suppose -5*n = -7*n + 8. Let r be 5 - (-4 + 0)/n. What is p(r)?
-1
Suppose 4*r = r - 12. Let h(g) be the third derivative of 0*g + 19*g**2 - g**3 - 1/12*g**5 + 0 - 1/4*g**4 - 1/120*g**6. Give h(r).
2
Let f(g) be the first derivative of g**2/2 + g + 67. Give f(-4).
-3
Let v(y) be the third derivative of y**6/60 - y**5/30 - y**4/12 + y**3/6 + 22*y**2. Determine v(2).
5
Let s(h) = h**2 - 18*h - 24. Let w(k) = k**2 - 27*k - 35. Let d(y) = -7*s(y) + 5*w(y). Calculate d(-6).
-25
Let q(d) = d**3 + 12*d**2 + 4. Let t be q(-12). Let o be 12/3 + t/1. Let m be ((-35)/20)/(2/o). Let l(a) = a + 8. Determine l(m).
1
Let j be 6/24 - 115/(-4). Let t = -27 + j. Let b(f) = 2*f - t - f + 1. Calculate b(-3).
-4
Let z(a) = a - 9. Let s(c) = 7. Suppose 5*d - 3 = 3*h - 0*h, -4 = 2*h - 4*d. Let t(l) = h*s(l) + 3*z(l). Let v = -6 - 0. Give t(v).
-17
Let w = 25 + -14. Let i(y) be the first derivative of -2*y**2 - w + 16*y - y - 9*y. Determine i(5).
-14
Let q(r) = r**3 + 3*r**2 - 7*r - 5. Let f be (38/(-4) - -4)*(-14 + 0). Let h = f + -81. Determine q(h).
7
Let o(m) = 2*m - 5. Let a(s) = -18*s - 82. Let f be a(-5). Determine o(f).
11
Let f(b) = -6*b**2 + 4*b**2 + b + 4 + b - 3. Let k be 48/22 - -2*1/(-11). Give f(k).
-3
Let q(l) = 9*l**2 - 3*l. Let g(r) = -5*r**2 + r. Let w(t) = 5*g(t) + 2*q(t). Suppose v + 2 = c, 0 = 2*v - 0*c + 5*c - 3. Determine w(v).
-6
Let i be (-2)/(-1) + 0 + 0. Let c(g) = g**3 - 3*g - 4*g + 5*g - 5*g**i + 4. Let a(m) = m**2 + 30*m + 34. Let b be a(-29). Determine c(b).
-6
Let j(b) = 0*b + b + 51*b**3 - 14 + 5 - 47*b**3 + 18*b**2. Let l(r) = -r**3 - 6*r**2 + 3. Let p(x) = -2*j(x) - 7*l(x). What is p(6)?
-15
Let d(a) = -a**3 + 6*a**2 + 3*a + 4. Let j = 9 - 8. Let f(u) = u**2 + u + 1. Let v(x) = j*d(x) - 5*f(x). What is v(-2)?
15
Suppose -6 = o - 4*o. Let b(i) = 4*i**2 - 3*i**2 - 3*i - o*i**2 + 1. Suppose 76*x - 8 = 72*x. Determine b(x).
-9
Let k be 62/12 - (14/12 - 1). Suppose -u - 1 = -3*q, -k = -3*u - q + 2. Let i(w) = -2*w**2 + 2*w - 2. Calculate i(u).
-6
Let n(o) be the third derivative of -o**4/24 + 11*o**3/3 - 10*o**2 + 3*o. Calculate n(9).
13
Let p(o) = o**3 - o**2 - o + 61. Let l be ((-1)/7*0)/8. What is p(l)?
61
Let d be (2*2/(-4))/((-12)/(-48)). Let y(k) = -2 + 2 + k + 1. Determine y(d).
-3
Let d(y) = 0*y - y - 2 + 1. Let m(w) = w + 2. Let s(b) = 3*d(b) + 2*m(b). Let t = -98 + 98. Give s(t).
1
Let y(g) = -5*g**2 - 3*g - 18. Let j(n) = 2*n**2 + n + 2. Let q(p) = -3*j(p) - y(p). Give q(0).
12
Let n = 18 + -18. Suppose n = 6*f - 30. Let k(o) = 13 - 2 + 0*o - o. What is k(f)?
6
Let a = 4 + 5. Let r be (-4)/(-1 - 0) + 2. Let i = a - r. Let v(z) = 3*z - 2. Calculate v(i).
7
Suppose -2 = -2*j + 6. Let o(n) be the first derivative of -n**3/3 + n**2 + 2*n + 919. What is o(j)?
-6
Let h(l) be the second derivative of -l**3/6 - 10*l**2 - 104*l. What is h(-23)?
3
Let c(n) be the second derivative of -n**4/12 + 7*n**3/6 - n**2 + 8*n. Suppose 6 + 6 = 3*k. Calculate c(k).
10
Let c be (4/(-10))/(2/(-10)). Suppose -5*q + c*p = -3*p, 0 = 4*q - p - 6. Let t(s) = 4*s**2 - s**